 6*b**2 + 7*b + 9. Let w be f(4). Suppose 5*p - 3*y = y + 755, -p = -w*y - 172. What is the units digit of p?
7
Let b = 335 + 2182. What is the units digit of b?
7
Suppose -g + 4 + 0 = 0. Let k(y) = y**3 - 3*y**2 - 4*y + 3. Let r be k(g). Suppose -5*m = -u - u + 59, r*u - 80 = -m. What is the units digit of u?
7
Suppose -4*k + 4144 = 5*q - 1267, -2*k + 3247 = 3*q. What is the hundreds digit of q?
0
Let o be 36/7 + 5/(-35). Suppose -6 = -5*u + 9. Suppose -o*f = q - f - 5, -2*q + 5*f - u = 0. What is the units digit of q?
1
What is the units digit of -3 - 2*362/(-4)?
8
Let m(j) = 2*j + 4. Let l be m(-5). Let k = -8 - l. What is the tens digit of 15 - (7 - 1)/k?
1
Let t = -17 + 22. What is the tens digit of -17*(-58)/10 + 2/t?
9
Let t(x) = -20*x**3 + 5*x**2 + 6*x + 6. What is the tens digit of t(-3)?
7
Let a(w) = 3*w + 2. Let q be a(2). What is the tens digit of 542/q + (-9)/(-12)*-1?
6
Suppose -4*l + 3*t + 2464 = 0, 0*l + 2*l + 2*t - 1218 = 0. Suppose -7 = -5*o + l. What is the hundreds digit of o?
1
Suppose 5*l - 5*z = 9811 - 626, -z + 7353 = 4*l. What is the thousands digit of l?
1
Suppose 0*g = -4*g + 36. Suppose -g*x + 12*x = 75. What is the units digit of x?
5
Let z(b) = -b**3 - 28*b**2 + 62*b + 42. What is the thousands digit of z(-31)?
1
What is the hundreds digit of 3025/(-22)*(-3 + 2 + -1)?
2
Let a be 76/(-2)*3/(-2). What is the units digit of a/(-19)*178/(-6)*2?
8
Suppose 13 = -2*p - 3*k - 2*k, -8 = p + 3*k. What is the units digit of (-20)/(-3*p/6)?
0
Let x(c) = c**3 + 9*c**2 - 23*c - 9. Let d be x(-11). Let t(s) = 10*s**3 - 3*s - 1. What is the tens digit of t(d)?
7
Suppose -s = -7*q + 2*q - 115, 4*s + 140 = -5*q. Let a(y) = 8*y**3 - 2*y**2 + 3*y - 1. Let c be a(2). Let b = c + q. What is the tens digit of b?
3
Let m be 0 + -1 + 66 - (-6)/(-3). Suppose m*q + 160 = 64*q. What is the tens digit of q?
6
Let z(m) = -m + 11. Let b be z(16). Let t = -10 + b. Let h = 5 - t. What is the units digit of h?
0
Let v(d) be the third derivative of -d**6/24 + d**5/20 - d**4/6 - 5*d**3/3 - 33*d**2. What is the tens digit of v(-3)?
6
Let t(l) = -2*l + 15. Let i be t(6). Suppose -2*w = -6, i*r - r - 50 = 2*w. What is the units digit of r?
8
Let b = 767 + -426. What is the units digit of b?
1
Let u be 24/(-16)*(-1 - 71/3). Let p = 81 - u. What is the tens digit of p?
4
Let f = 85 - 85. What is the units digit of 151 - (-4 - (f - 6))?
9
What is the units digit of (153/2)/(18/24)?
2
Suppose j - n - 61 = 0, 0 = 4*j - 0*j + 2*n - 256. What is the units digit of (j/6)/7*(1 + 5)?
9
Suppose -p - 4*p + 17 = 3*u, 2*u - 9 = -p. Suppose -u*a + 330 = a. What is the units digit of a?
6
Suppose 4*g - 13 = 19. Let c be 4/(-1)*(-10)/g. Suppose -63 = -c*s + 92. What is the units digit of s?
1
Let k(j) = j**3 + 9*j**2 + 1. Let c be k(-9). Let y = c + 47. What is the units digit of y?
8
Let b(l) = -2*l + 9. Suppose -n + y + 2 = 0, -3*n + 0*n + 6 = -2*y. Suppose n*r + 16 = -0*r. What is the units digit of b(r)?
5
Let l(n) = 6052*n**2 + 2. What is the tens digit of l(-1)?
5
Suppose -11648 = -3*d - 4*x, -3*x - 2193 = 4*d - 17733. What is the thousands digit of d?
3
Suppose 9 = -5*n - 6, 0 = -4*s + 5*n + 35. Suppose s*d - 5 = -3*o, -3*d + 13 + 4 = -o. Let g = 0 + d. What is the units digit of g?
4
Let w be (87/6)/((-3)/(-18)). Let m be 2*w + (-9)/(-3). Suppose m = 5*c + 17. What is the tens digit of c?
3
Let y = -10 - -55. Suppose 2*h = -h + y. What is the units digit of (-9)/(-15)*h/3?
3
Suppose 1325 = 2*t - 5*g, -178*t + 176*t + 3*g = -1315. What is the tens digit of t?
5
Let t(j) = -7*j + 7. Let i be t(5). Let c be 77/i*(0 + -4). Suppose -3*v = -10 - c. What is the units digit of v?
7
Let o be 100/(-15) - -6 - (-658)/6. Suppose 4*l + s = 471, s = -l - s + o. What is the hundreds digit of l?
1
Let c(n) = -n**2 + 4. Let w be c(0). Suppose -w*p + 415 = 5*i, -i - 3*p + 83 = -4*p. What is the tens digit of i?
8
Let j(m) = -6*m - 31. Let x be j(10). Let i = 165 + x. What is the tens digit of i?
7
Let s be ((-1)/2)/(14/(-84)). Let p(y) = 25*y**2 - 2*y + 2. Let i be p(s). Let b = -154 + i. What is the tens digit of b?
6
Let w = -10 + 13. Suppose 228 = w*r - m + 5*m, 3*r = -5*m + 228. Suppose 3*h + 2*p - r - 134 = 0, -2*h + 2*p + 130 = 0. What is the units digit of h?
8
Let v = 141 - -84. What is the tens digit of -3 - (-7)/(21/v)?
7
Let h = -17 - -17. Suppose h = -y - 4 + 28. What is the units digit of y?
4
Suppose 28*t - 13*t = 0. Suppose t = -4*m - k + 934, 0 = -2*m + 5*k - 137 + 615. What is the hundreds digit of m?
2
Suppose -5584 - 304 = -16*q. What is the hundreds digit of q?
3
Suppose -105 = 40*r - 42*r + 5*o, r + 4*o = 72. What is the units digit of r?
0
Suppose -v + 6*v = 4900. Suppose -4*q - q + v = 0. Suppose 4*c = 5*i + 276, 3*c + 2*i = 3*i + q. What is the tens digit of c?
6
Let v = -403 - -706. Suppose -5*p - 3 = -v. What is the tens digit of p?
6
Let d(c) = 2*c**2 + 2*c + 5. Let w(j) = -j**2 - j - 2. Let r(u) = 3*d(u) + 5*w(u). What is the tens digit of r(3)?
1
What is the tens digit of 104/(-13) + 837/1?
2
Let d be 12/(-18) - 17248/(-6). What is the tens digit of 2/8 + (d/24)/1?
2
Suppose 4*m + 36 = 44. Suppose -m*a - 7 + 91 = 0. What is the tens digit of a?
4
Suppose -5*t = -12 - 3. Let g(d) = -23*d - 3*d**2 + 3 + d**2 + 13*d + d**3 + 13*d. What is the tens digit of g(t)?
2
Let b = -2869 - -4118. What is the tens digit of b?
4
Suppose -21*a + 24*a = 0. Suppose -3*b - 19 = -h, a*b + b = -h + 27. What is the tens digit of h?
2
Suppose -2*j - 2*b = -90, 4*j - 5*b - 69 = 156. Let r = 0 + j. What is the tens digit of r?
5
Let h(z) = -2*z**3 - 15*z**2 - 9*z + 89. What is the units digit of h(-13)?
5
Let m(r) = 25*r**3 + 8*r**2 - 15*r + 7. What is the units digit of m(3)?
9
Let i be (3/(-2))/(3/(-14)). Suppose 5*b = i*b - 12. Suppose -n + 30 = -g, 4*n + 5*g - 135 = b*g. What is the tens digit of n?
3
Suppose 23*i + 1465 = 28651. What is the hundreds digit of i?
1
Let f(b) = -2*b - 14 - 3*b + 2*b. Suppose 0 = 5*q + 2*z + 55, -2*q + 4*z + 1 = 47. What is the tens digit of f(q)?
2
What is the thousands digit of ((-14)/35)/((-1)/6730)?
2
Let q(l) = -l**3 - 6*l**2 + l + 2. Let z be q(-6). Let f be -4 + 1 + (-1 - z). What is the tens digit of 33 - (f + 5 - 3)?
3
Let p(g) = 107*g**2 + 8*g - 3. What is the hundreds digit of p(2)?
4
Let q = -39 - -510. What is the units digit of q?
1
Let r(x) = x**2 - 1. Let y be r(-3). Suppose 2*j = -0*j - y. Let t = 10 + j. What is the units digit of t?
6
Let n(w) be the second derivative of -w**3/2 - w**2 + 14*w. What is the units digit of n(-3)?
7
Suppose 0 = -2*y, -v + 0*y - y = 17. Let b(p) = -p - 23. Let g be b(v). What is the units digit of -3 - g*(0 - -10)?
7
Let u(a) = a + 7. Let t(h) = 4*h + 21. Let i(v) = 2*t(v) - 7*u(v). Let s be i(5). What is the units digit of 4/s*183/(-6)?
1
Let f(q) = -43*q - 22. What is the tens digit of f(-20)?
3
Suppose -5*l + 1546 = 4*u, l - u = 131 + 171. Let j = -202 + l. What is the units digit of j?
4
Let k = 26 - 23. Suppose -5*p = -5*z + 390, -k*z + 2*p - 5*p + 258 = 0. What is the tens digit of z?
8
Let k be 44/2*(-7 + 0). Let s = -50 - k. What is the hundreds digit of s?
1
Let y(c) be the first derivative of -31*c**2/2 + 1. Let w(n) = n**3 - n**2 - 1. Let h be w(0). What is the tens digit of y(h)?
3
Suppose 4*i - 4*p + 18 = 3*i, 2*p = -i + 12. Let u be 0 + i + (4 - -3). What is the units digit of 0 - -56 - (-11 + u)?
8
Suppose 0 = 5*w + 9*w - 28. What is the units digit of ((-9)/w)/((-3)/2)?
3
What is the units digit of 1/5 - (-30129)/55?
8
Let y = 413 - 109. What is the units digit of y?
4
Let t be 20/15*((-660)/8)/(-5). What is the tens digit of (t + (2 - 1))/((-2)/(-24))?
7
Let l be ((-16)/6)/((-4)/6). Suppose -l*b + 24 = -0*x + 2*x, -3*x = 2*b - 12. What is the units digit of -2*(1 - 33/b)?
9
Let j(y) = y**3 + 15*y**2 - 9*y + 22. What is the tens digit of j(-15)?
5
Let f(b) = 2*b**3 - 4*b**2 - 12*b + 47. What is the units digit of f(7)?
3
Suppose -358 = 10*f - 12*f. What is the tens digit of f?
7
Let z = 236 + 691. What is the units digit of z?
7
Let w be (-10)/(-4)*24/15. Suppose -2*l - x + 35 = l, 3*l = w*x + 25. Suppose l = p - 2*a - a, -5*p = -4*a - 33. What is the units digit of p?
5
Let u(w) = w**3 - 7*w**2 + 6*w + 7. Let x be u(5). Let p(v) = -4*v - 2. What is the tens digit of p(x)?
